e of 21?
True
Is 18177 a multiple of 12?
False
Is 45005 a multiple of 134?
False
Is 1591632 a multiple of 24?
True
Is 30207 even?
False
Is 6130048 a multiple of 8?
True
Is 3032370 a multiple of 11?
True
Is 5 a factor of 342373?
False
Does 10 divide 1050610?
True
Does 6 divide 26113?
False
Is 4 a factor of 4824?
True
Does 134 divide 4496504?
True
Does 6 divide 1164300?
True
Is 495 a factor of 11372625?
True
Is 2262273 a multiple of 164?
False
Does 9 divide 224541?
True
Is 588 a factor of 2904720?
True
Is 3473280 a multiple of 64?
True
Is 230 a factor of 1111474?
False
Does 8 divide 148620?
False
Is 14 a factor of 1173720?
False
Is 198 a factor of 4221558?
True
Is 150272 a multiple of 16?
True
Is 1813 a factor of 23837324?
True
Is 267 a factor of 2697081?
False
Is 143293 a multiple of 12?
False
Is 199104 a multiple of 68?
True
Does 13 divide 35321?
True
Is 215 a factor of 16770?
True
Does 15 divide 9313038?
False
Does 56 divide 725835?
False
Does 16 divide 646237?
False
Is 20 a factor of 216540?
True
Does 203 divide 327642?
True
Is 52417 a multiple of 43?
True
Is 36 a factor of 6736532?
False
Is 86 a factor of 324496?
False
Is 371258 a multiple of 361?
False
Does 36 divide 967416?
False
Is 778 a factor of 573386?
True
Does 38 divide 1902660?
True
Does 23 divide 355514?
False
Is 5 a factor of 1904535?
True
Does 43 divide 1088513?
False
Is 1003 a factor of 13903825?
False
Is 83 a factor of 157964?
False
Does 203 divide 9548511?
True
Is 4226286 a multiple of 87?
True
Is 36410 a multiple of 110?
True
Does 230 divide 10439207?
False
Is 23 a factor of 136709?
False
Is 14759 a multiple of 10?
False
Is 17 a factor of 380534?
False
Is 4071611 a multiple of 219?
False
Does 33 divide 14501825?
False
Does 336 divide 606816?
True
Is 11 a factor of 16643?
True
Is 61 a factor of 328851?
True
Is 1663057 a multiple of 56?
False
Is 133 a factor of 33336196?
False
Is 1861985 a multiple of 26?
False
Does 59 divide 18981530?
False
Does 183 divide 157588?
False
Is 12 a factor of 2655043?
False
Does 65 divide 162932?
False
Is 263 a factor of 4926481?
False
Is 79 a factor of 2242099?
True
Does 54 divide 1570034?
False
Does 7 divide 1140950?
False
Is 7 a factor of 70272?
False
Does 104 divide 2019992?
True
Is 175 a factor of 167825?
True
Is 14 a factor of 3635211?
False
Is 18 a factor of 16195878?
True
Is 446 a factor of 163682?
True
Is 353 a factor of 30711?
True
Is 22 a factor of 229460?
True
Is 24 a factor of 248014?
False
Is 473129 a multiple of 223?
False
Is 34296 a multiple of 24?
True
Is 2 a factor of 15180?
True
Is 264419 a multiple of 11?
False
Is 23 a factor of 696197?
False
Does 10 divide 114240?
True
Does 426 divide 425227?
False
Is 20643158 a multiple of 320?
False
Does 10 divide 2412550?
True
Is 198 a factor of 68006?
False
Is 28962 a multiple of 182?
False
Is 1206316 a multiple of 13?
False
Is 723 a factor of 8803971?
True
Is 591 a factor of 259016?
False
Is 11 a factor of 160326?
False
Is 29 a factor of 393008?
True
Is 184 a factor of 7028984?
True
Is 5018788 a multiple of 81?
False
Is 1776780 a multiple of 10?
True
Is 29 a factor of 178060?
True
Is 42180 a multiple of 3?
True
Is 9 a factor of 8768262?
False
Is 141357 a multiple of 34?
False
Does 4 divide 789733?
False
Is 9 a factor of 1546740?
True
Is 4797658 a multiple of 5?
False
Does 193 divide 181999?
True
Is 710822 a multiple of 260?
False
Is 148064 a multiple of 112?
True
Does 903 divide 2536527?
True
Is 9 a factor of 690552?
True
Is 1679667 a multiple of 44?
False
Is 49 a factor of 8872136?
True
Is 16 a factor of 4424946?
False
Is 96 a factor of 6351648?
True
Is 54 a factor of 335124?
True
Is 836399 a multiple of 2?
False
Does 602 divide 896763?
False
Is 17 a factor of 5201830?
True
Is 8 a factor of 550072?
True
Is 56 a factor of 302538?
False
Is 40 a factor of 177520?
True
Does 1327 divide 8322829?
False
Is 55 a factor of 49115?
True
Does 148 divide 4975891?
False
Is 786876 a multiple of 8?
False
Does 139 divide 1702365?
False
Does 6 divide 480097?
False
Does 23 divide 168636?
True
Does 33 divide 168729?
True
Is 64156 a multiple of 15?
False
Is 18 a factor of 3969180?
True
Is 25 a factor of 4130215?
False
Is 140 a factor of 112234?
False
Is 38 a factor of 7185?
False
Is 13 a factor of 606138?
True
Does 310 divide 79980?
True
Is 1708 a factor of 4128236?
True
Does 32 divide 2647246?
False
Does 21 divide 204686?
False
Does 1213 divide 9495449?
False
Does 345 divide 345345?
True
Does 73 divide 281822?
False
Is 13 a factor of 34768?
False
Is 6 a factor of 82006?
False
Is 90 a factor of 291690?
True
Is 14 a factor of 4662?
True
Does 8 divide 14266346?
False
Is 70579 a multiple of 181?
False
Is 1050 a factor of 1481550?
True
Is 2190701 a multiple of 319?
False
Is 1750272 a multiple of 212?
True
Does 20 divide 4886025?
False
Is 143449 a multiple of 37?
True
Is 68189 a multiple of 29?
False
Is 212880 even?
True
Does 26 divide 146770?
True
Is 44544 a multiple of 4?
True
Does 72 divide 3190320?
True
Is 734341 a multiple of 26?
False
Is 1367995 a multiple of 102?
False
Is 70281 a multiple of 513?
True
Is 66547 a multiple of 7?
False
Does 3 divide 242113?
False
Is 600896 a multiple of 41?
True
Does 1381 divide 6631562?
True
Is 212886 a multiple of 8?
False
Is 377076 a multiple of 402?
True
Does 289 divide 604588?
True
Does 31 divide 199671?
True
Is 19 a factor of 362836?
False
Is 84510 a multiple of 10?
True
Is 1549 a factor of 11423875?
True
Does 11 divide 9889?
True
Does 408 divide 417792?
True
Is 119 a factor of 120520?
False
Does 1194 divide 11060022?
True
Is 6 a factor of 772620?
True
Is 25580871 a multiple of 361?
False
Is 70 a factor of 3541790?
True
Is 57 a factor of 721620?
True
Does 503 divide 118708?
True
Is 1290800 a multiple of 14?
True
Is 1026368 a multiple of 58?
True
Is 434360 a multiple of 81?
False
Does 95 divide 1021345?
True
Is 165169 a multiple of 93?
False
Is 61 a factor of 6391641?
True
Is 110 a factor of 538340?
True
Is 98 a factor of 2740?
False
Is 3071047 a multiple of 18?
False
Does 25 divide 133950?
True
Is 30 a factor of 34530?
True
Is 7 a factor of 2470279?
True
Does 7 divide 54037?
False
Does 17 divide 979404?
True
Does 70 divide 2050790?
True
Is 25 a factor of 1827355?
False
Is 261498 a multiple of 41?
True
Does 16 divide 32496?
True
Is 14 a factor of 116403?
False
Is 8892 a multiple of 57?
True
Does 253 divide 1341153?
True
Is 300 a factor of 859500?
True
Is 867 a factor of 11611010?
False
Is 7 a factor of 874991?
False
Does 147 divide 57252?
False
Is 8 a factor of 345946?
False
Is 8983620 a multiple of 580?
True
Is 3310985 a multiple of 458?
False
Is 17132667 a multiple of 35?
False
Is 295696 a multiple of 16?
True
Does 27 divide 644625?
True
Does 20 divide 462056?
False
Is 56760 a multiple of 22?
True
Does 30 divide 268710?
True
Does 8 divide 736404?
False
Does 39 divide 16325283?
True
Does 77 divide 194765?
False
Is 89 a factor of 1686050?
False
Is 54 a factor of 717390?
True
Is 80 a factor of 3673840?
True
Is 24 a factor of 619056?
True
Is 87 a factor of 24129318?
False
Is 12 a factor of 1309709?
False
Is 67076 a multiple of 164?
True
Is 41 a factor of 411733?
False
Is 6 a factor of 145761?
False
Does 17 divide 3525?
False
Is 97585 a multiple of 402?
False
Is 112 a factor of 4170759?
False
Is 134792 a multiple of 56?
True
Does 5 divide 33080?
True
Does 421 divide 821792?
True
Is 190200 a multiple of 60?
True
Is 5 a factor of 129440?
True
Is 94 a factor of 3280448?
False
Is 3122309 a multiple of 26?
False
Does 67 divide 6813013?
False
Does 37 divide 247176?
False
Does 96 divide 592724?
False
Does 409 divide 127608?
True
Does 14 divide 12572914?
False
Does 2320 divide 28828320?
True
Is 99 a factor of 542421?
True
Does 31 divide 17549802?
False
Does 35 divide 234675?
True
Does 21 divide 35553?
True
Is 45 a factor of 68580?
True
Does 118 divide 1417665?
False
Is 48126 a multiple of 34?
False
Is 1707454 a multiple of 133?
True
Does 31 divide 268408?
False
Is 86 a factor of 206228?
True
Does 4 divide 97317?
False
Does 42 divide 4208820?
True
Is 175 a factor of 163833?
False
Is 16 a factor of 314839?
False
Does 58 divide 663754?
False
Is 3971247 a multiple of 19?
True
Does 3 divide 44911?
False
Is 814576 a multiple of 196?
True
Does 14 divide 2263048?
False
Is 89 a factor 